{"id":9,"date":"2023-03-19T10:31:32","date_gmt":"2023-03-19T10:31:32","guid":{"rendered":"http:\/\/www.asnesal.com\/?page_id=9"},"modified":"2023-03-19T10:31:32","modified_gmt":"2023-03-19T10:31:32","slug":"firma-vizyonumuz","status":"publish","type":"page","link":"http:\/\/www.asnesal.com\/?page_id=9","title":{"rendered":"F\u0130RMA V\u0130ZYONUMUZ"},"content":{"rendered":"<p>\u00fcst\u00fcnnitelikliteknikkadrosu,\u00e7a\u011fda\u015faltyap\u0131s\u0131,sonteknolojiyikullananyenilik\u00e7ive\u00f6nc\u00fcuygulamalar\u0131,k\u0131sazamandab\u00fcy\u00fcki\u015flerba\u015faranveherge\u00e7eng\u00fcnkatlanarakartantecr\u00fcbesi,taahh\u00fctvein\u015faatprojey\u00f6netimhizmetlerinde\u201cyenibirmodelvemarka\u201dolu\u015fturman\u0131nonuruylahizmetlerinit\u00fcmd\u00fcnyayasunarak\u201cK\u00fcreselProjeY\u00f6netim\u201dhizmetivermektedir.<br \/>\n\u201cVizyonumuz,k\u00f6kl\u00fc medeniyetimizi yeniden g\u00fc\u00e7l\u00fc hale getirmektir.\u201d<\/p>\n","protected":false},"excerpt":{"rendered":"<p>\u00fcst\u00fcnnitelikliteknikkadrosu,\u00e7a\u011fda\u015faltyap\u0131s\u0131,sonteknolojiyikullananyenilik\u00e7ive\u00f6nc\u00fcuygulamalar\u0131,k\u0131sazamandab\u00fcy\u00fcki\u015flerba\u015faranveherge\u00e7eng\u00fcnkatlanarakartantecr\u00fcbesi,taahh\u00fctvein\u015faatprojey\u00f6netimhizmetlerinde\u201cyenibirmodelvemarka\u201dolu\u015fturman\u0131nonuruylahizmetlerinit\u00fcmd\u00fcnyayasunarak\u201cK\u00fcreselProjeY\u00f6netim\u201dhizmetivermektedir. \u201cVizyonumuz,k\u00f6kl\u00fc medeniyetimizi yeniden g\u00fc\u00e7l\u00fc hale getirmektir.\u201d<\/p>\n","protected":false},"author":1,"featured_media":0,"parent":0,"menu_order":0,"comment_status":"closed","ping_status":"closed","template":"","meta":{"footnotes":""},"class_list":["post-9","page","type-page","status-publish","hentry"],"_links":{"self":[{"href":"http:\/\/www.asnesal.com\/index.php?rest_route=\/wp\/v2\/pages\/9","targetHints":{"allow":["GET"]}}],"collection":[{"href":"http:\/\/www.asnesal.com\/index.php?rest_route=\/wp\/v2\/pages"}],"about":[{"href":"http:\/\/www.asnesal.com\/index.php?rest_route=\/wp\/v2\/types\/page"}],"author":[{"embeddable":true,"href":"http:\/\/www.asnesal.com\/index.php?rest_route=\/wp\/v2\/users\/1"}],"replies":[{"embeddable":true,"href":"http:\/\/www.asnesal.com\/index.php?rest_route=%2Fwp%2Fv2%2Fcomments&post=9"}],"version-history":[{"count":1,"href":"http:\/\/www.asnesal.com\/index.php?rest_route=\/wp\/v2\/pages\/9\/revisions"}],"predecessor-version":[{"id":10,"href":"http:\/\/www.asnesal.com\/index.php?rest_route=\/wp\/v2\/pages\/9\/revisions\/10"}],"wp:attachment":[{"href":"http:\/\/www.asnesal.com\/index.php?rest_route=%2Fwp%2Fv2%2Fmedia&parent=9"}],"curies":[{"name":"wp","href":"https:\/\/api.w.org\/{rel}","templated":true}]}}